0. Suppose -v*t = -11 - 29. Calculate the greatest common divisor of 50 and t.
10
Let d(q) = -53*q - 17. Let l be d(-4). Let c be (l - -5) + 2/(2/(-2)). Calculate the greatest common factor of c and 18.
18
Let o = 99 + -79. Suppose 2*a - o = 2*j, 0*a + j = -a + 18. Calculate the highest common factor of a and 14.
14
Let s be (2/(-4))/((-7)/84). Suppose -5*t + 36 = s. Let y be (-1 + 0)*1 - -55. Calculate the greatest common divisor of y and t.
6
Suppose k - 6 - 63 = 0. Calculate the greatest common factor of k and 759.
69
Suppose -4*l = -1338 + 446. Suppose -3*q + 127 = 5*u, -2*u - u - l = -5*q. Calculate the greatest common factor of 4 and q.
4
Suppose 70 = 3*k + 3*j - 77, 3*j - 99 = -2*k. Let i = k - 46. Calculate the highest common factor of i and 1.
1
Let y be 0 + (-4)/8*1*-4. Suppose 4*r + y*r - 144 = 0. What is the greatest common divisor of 48 and r?
24
Let p(z) = 10*z**2 + 23*z + 90. Let r be p(-5). What is the highest common divisor of r and 63?
9
Let m be 9/6*(-8)/(-3). Suppose -m*r + 9 = -r. Suppose -r*p + 2*p + 192 = z, -3*p = -9. Calculate the greatest common divisor of 27 and z.
27
Let a be (0 - 1) + 7/1. Let c(b) = 42 - 6 - 4*b + 8. Let o be c(5). Calculate the greatest common factor of o and a.
6
Let m(p) = -11*p + 11. Let f be m(-20). Calculate the greatest common factor of f and 63.
21
Suppose 2*g = -5*f + 11, 113*f = 110*f - 3*g + 3. Let q be (0 - (-1)/2)*6. What is the highest common factor of f and q?
3
Let i = 2563 - 2539. Calculate the highest common divisor of 984 and i.
24
Let m(x) = 2*x + 5 + 0*x + 5. Suppose 4*u + 7 = 5*u. Let n be m(u). What is the greatest common divisor of 16 and n?
8
Let h(n) = -n + 5. Let c be h(3). Suppose -k = 3*u - 10, 0 = c*k - 7*k - u + 78. What is the highest common divisor of k and 24?
8
Suppose -b + 0*i - 3*i = 35, -4*b = -3*i + 140. Let k = b - -38. What is the highest common factor of 24 and k?
3
Suppose p = 5, 2*q - 11 - 4 = -p. Let j be (-7 + q)/(4/(-10)) + 3. Calculate the highest common factor of 16 and j.
8
Suppose -4*p - 4*g + 8 = 0, 4 = -3*g - 5. Suppose -p*l - 4 + 64 = 0. What is the greatest common divisor of 96 and l?
12
Let i = -1015 + 1121. Calculate the highest common divisor of i and 901.
53
Let c(a) = -2*a**2 - 22*a - 58. Let d be c(-6). Let u be ((-9)/(-6) - 2)*-4. Let f be (u - 3)*(1 + -4). What is the greatest common divisor of d and f?
1
Let c(l) = 5*l. Let n be c(2). Suppose -782 = -47*r + 158. What is the highest common factor of n and r?
10
Let u be 1/((-87)/30 + 3). Let d = -192 + 217. What is the highest common divisor of u and d?
5
Let n = 172 - 161. Calculate the highest common divisor of n and 33.
11
Let t(v) = -v + 15. Let k be t(11). Suppose -k*o + 9*o = 495. Let h be 4/(-16) + (-74)/(-8). Calculate the greatest common divisor of h and o.
9
Suppose -6*g = -2*g - 248. Suppose -2*i = 3*m - 98, 0*m = -2*m + 2*i + g. Let f = 12 - -4. What is the highest common factor of m and f?
16
Let a = 2391 + -1247. Calculate the greatest common divisor of 32 and a.
8
Let n be (192/(-7))/((-85)/7 + 12). What is the highest common divisor of 1056 and n?
96
Suppose 28 = 4*b - 12. Let g be 10 - (-3 - (1 - 0)). Let l be g/4*(-100)/(-35). What is the greatest common factor of b and l?
10
Let t be (-2)/(-6) + (-339)/(-9). Suppose 26 = 5*y + 2*g, -2*y - 3 + 8 = -g. Let r be ((-38)/y)/((88/16)/(-11)). What is the greatest common factor of t and r?
19
Let a = -17 - -22. Let g(m) = -2*m + 12. Let o be g(a). Let d be (-1)/(-2) + 25/10. What is the greatest common factor of d and o?
1
Let f be (28/6)/((-8)/(-60)). Let u = -81 - -126. Let m = 59 - u. Calculate the greatest common divisor of f and m.
7
Let f be 1 - 0 - (-19 - -3). What is the greatest common divisor of f and 51?
17
Let r = -489 + 531. Let d(m) = m**2 + 5*m - 7. Let l be d(-9). Let o = l - 8. Calculate the greatest common divisor of r and o.
21
Let v be -4*2*(-7)/2. What is the highest common factor of 812 and v?
28
Let z be (-3)/(3/1) - -17. Let t(u) = -u**3 + 13*u**2 - 13*u + 14. Let f be t(12). Let y be -2*f*8/(-16). What is the highest common divisor of y and z?
2
Suppose -55*u - 13398 = -76*u. What is the greatest common divisor of u and 44?
22
Let l = -4 + 9. Let p = l + 19. Suppose 3*m - p = 3. What is the highest common factor of 18 and m?
9
Suppose -5*w + 81 = 4*n, -8*w + 10*w = -4*n + 90. Calculate the greatest common divisor of 198 and n.
6
Let u be (0/5 - -6)/((-6)/(-116)). Let d = -81 + u. What is the greatest common factor of d and 105?
35
Let q = 792 - 350. What is the highest common divisor of q and 34?
34
Suppose 4*n + 2*v = 42 - 8, 3*v = -2*n + 7. Let x be 2/7 + (-13854)/(-21). Let b be (2/4)/(6/x). What is the greatest common factor of b and n?
11
Suppose -5*s = -0*s - 115. Suppose -4*l + 8*l = 448. Suppose 0 = 4*b - l - 348. What is the greatest common divisor of s and b?
23
Let f(r) = -r**2 + 9*r - 1. Let y be f(6). Suppose 0 = z - 66 + y. Calculate the highest common divisor of 7 and z.
7
Suppose 4*k - 3*n = -31 + 178, 0 = -k + 5*n + 41. Calculate the greatest common factor of 1368 and k.
36
Suppose 15*h - 10*h = 0, -2268 = -4*x + 4*h. Calculate the highest common divisor of x and 441.
63
Suppose -65*j + 66*j - 5 = 0. Calculate the greatest common divisor of j and 70.
5
Suppose 2*h = -2*u + 234, 5*u - 2*h - 613 = -0*h. Let n be (9 - 9) + (11 - 0). Suppose -n = -4*q + 3*q. Calculate the highest common divisor of u and q.
11
Let x be (-5772)/(-132) - 6/(-22). Calculate the highest common divisor of 140 and x.
4
Let l(r) be the first derivative of -4 - 2*r**3 - 1/4*r**4 + 3*r + 0*r**2. Let s be l(-7). What is the highest common factor of s and 78?
26
Let a be -4*1*25/(-20). Suppose 0*g - 2*g + a = i, 0 = 4*g - 8. Let q be i/(2 + -1)*30. Calculate the highest common divisor of 75 and q.
15
Suppose -8*x + 0*x + 32 = 0. Suppose 2*j - i - 152 = 0, 3*i + 222 = -j + x*j. Calculate the greatest common divisor of j and 26.
26
Let z be (-54)/(-3)*400/30. Calculate the highest common divisor of z and 72.
24
Let d(u) = -22*u - 5*u + 0 - 2*u + 8. Let o be d(-2). What is the greatest common factor of o and 6?
6
Let x(s) = s**2 - 4. Let l be x(-5). Let j = 91 + l. What is the greatest common factor of 28 and j?
28
Let z(m) be the second derivative of m**4/6 + 3*m**3/2 - 12*m**2 - 21*m. Let i be z(-7). What is the highest common factor of 121 and i?
11
Let l be ((-30)/7)/(75/(-350)). Let f(w) = -3*w - 2. Let r be f(-4). Calculate the greatest common factor of r and l.
10
Suppose 0 = 16*j - 269 - 67. What is the greatest common divisor of j and 168?
21
Let a be 2 - 1*(-3 + 2). Suppose 4*r + 1416 = -r + a*w, -r + 4*w = 273. Let j be ((-20)/6 - -3)*r. What is the highest common divisor of 38 and j?
19
Let b(i) = i**2 + 6*i + 92. Let o be b(-18). Calculate the highest common divisor of 44 and o.
44
Let f = -54 + 92. Let i(r) = -836*r + 4199. Let n be i(5). What is the highest common divisor of n and f?
19
Let j(p) = -p**3 - 7*p**2 + 6*p - 7. Let w be j(-8). Suppose 0 = 5*o - w - 21. Let f = 22 - 16. What is the greatest common divisor of o and f?
6
Suppose 5*t - 195 = 4*m, -17 = t - 2*m - 50. Suppose 188 = 3*r - 70. Calculate the highest common divisor of t and r.
43
Suppose 4*h - 84 = 5*d, 201 - 127 = 3*h - d. Suppose z - 526 = -4*f - 1, -z + 5 = 0. Calculate the highest common divisor of h and f.
26
Let z(g) = g**2 - 22*g + 118. Let j be z(14). Suppose 3*m + l + 31 = 5*m, -3*m + l + 46 = 0. Calculate the greatest common factor of j and m.
3
Let l be (-2 - -3)*(-6 - -13). Calculate the highest common factor of l and 245.
7
Let i = 674 - 466. What is the highest common factor of i and 78?
26
Suppose 5*a = -2 + 182. Let j = -31 + a. Calculate the highest common divisor of j and 35.
5
Suppose 63 = 5*r - 102. Suppose 3*b - 9 = -f, 3*f + 2*b = 3*b + 7. Calculate the highest common factor of f and r.
3
Suppose 2*y = -2 + 12. Suppose 2*o - r - 17 = 32, 0 = y*o - 3*r - 121. What is the highest common divisor of 52 and o?
26
Let x = 134 + -219. Let h = x + 170. Calculate the greatest common factor of 5 and h.
5
Suppose -4*d + 398 + 274 = -3*k, 2*k = -8. Suppose 0 = -q - 4 + 3, -2*x = 2*q - 20. Let m = x - -22. Calculate the greatest common factor of d and m.
33
Suppose -1130 = -4*d + 4*u + 1446, u = 4*d - 2591. What is the gr